{"id":1071,"date":"2025-06-25T13:10:33","date_gmt":"2025-06-25T06:10:33","guid":{"rendered":"https:\/\/sss.edu.vn\/home\/?page_id=1071"},"modified":"2025-06-25T13:20:39","modified_gmt":"2025-06-25T06:20:39","slug":"thay-dinh-xuan-phu-nguoi-ket-noi-nguoi-gieo-hat-mam-van-hoa-doanh-nghiep","status":"publish","type":"page","link":"https:\/\/sss.edu.vn\/home\/thay-dinh-xuan-phu-nguoi-ket-noi-nguoi-gieo-hat-mam-van-hoa-doanh-nghiep","title":{"rendered":"Th\u1ea7y \u0110inh Xu\u00e2n Ph\u00fa \u2013 Ng\u01b0\u1eddi K\u1ebft N\u1ed1i, Ng\u01b0\u1eddi Gieo H\u1ea1t M\u1ea7m V\u0103n H\u00f3a Doanh Nghi\u1ec7p"},"content":{"rendered":"<p>&nbsp;<\/p>\n<p data-start=\"241\" data-end=\"533\">Trong m\u1ed7i h\u00e0nh tr\u00ecnh ph\u00e1t tri\u1ec3n b\u1ec1n v\u1eefng, lu\u00f4n c\u1ea7n nh\u1eefng ng\u01b0\u1eddi l\u1eb7ng th\u1ea7m c\u1ed1ng hi\u1ebfn b\u1eb1ng c\u1ea3 <strong data-start=\"332\" data-end=\"344\">tr\u00e1i tim<\/strong> v\u00e0 <strong data-start=\"348\" data-end=\"360\">ni\u1ec1m tin<\/strong>. V\u1edbi Sunshine School, <strong data-start=\"383\" data-end=\"405\">Th\u1ea7y \u0110inh Xu\u00e2n Ph\u00fa<\/strong> ch\u00ednh l\u00e0 m\u1ed9t trong nh\u1eefng ng\u01b0\u1eddi nh\u01b0 th\u1ebf \u2013 <strong data-start=\"447\" data-end=\"532\">ng\u01b0\u1eddi gieo m\u1ea7m gi\u00e1 tr\u1ecb, k\u1ebft n\u1ed1i con ng\u01b0\u1eddi v\u00e0 lan t\u1ecfa tinh th\u1ea7n gi\u00e1o d\u1ee5c h\u1ea1nh ph\u00fac<\/strong>.<\/p>\n<hr data-start=\"535\" data-end=\"538\" \/>\n<p><img loading=\"lazy\" decoding=\"async\" class=\"wp-image-1072 aligncenter size-large\" src=\"https:\/\/sss.edu.vn\/home\/wp-content\/uploads\/2025\/06\/image-5.png\" alt=\"\" width=\"819\" height=\"1024\" srcset=\"https:\/\/sss.edu.vn\/home\/wp-content\/uploads\/2025\/06\/image-5.png 1024w, https:\/\/sss.edu.vn\/home\/wp-content\/uploads\/2025\/06\/image-5-240x300.png 240w, https:\/\/sss.edu.vn\/home\/wp-content\/uploads\/2025\/06\/image-5-819x1024.png 819w, https:\/\/sss.edu.vn\/home\/wp-content\/uploads\/2025\/06\/image-5-768x960.png 768w\" sizes=\"auto, (max-width: 819px) 100vw, 819px\" \/><\/p>\n<h2 data-start=\"540\" data-end=\"599\"><\/h2>\n<h2 data-start=\"540\" data-end=\"599\">\ud83c\udf93 H\u00e0nh tr\u00ecnh ngh\u1ec1 gi\u00e1o \u2013 G\u1ed1c r\u1ec5 c\u1ee7a m\u1ed9t ng\u01b0\u1eddi d\u1eabn \u0111\u01b0\u1eddng<\/h2>\n<p data-start=\"601\" data-end=\"875\">T\u1ed1t nghi\u1ec7p chuy\u00ean ng\u00e0nh <strong data-start=\"625\" data-end=\"644\">S\u01b0 ph\u1ea1m Ng\u1eef v\u0103n<\/strong>, th\u1ea7y Ph\u00fa hi\u1ec7n l\u00e0 <strong data-start=\"663\" data-end=\"700\">gi\u00e1o vi\u00ean t\u1ea1i Tr\u01b0\u1eddng THCS V\u1ea1n S\u01a1n<\/strong> \u2013 m\u1ed9t ng\u00f4i tr\u01b0\u1eddng th\u00e2n thu\u1ed9c v\u1edbi c\u1ed9ng \u0111\u1ed3ng gi\u00e1o d\u1ee5c t\u1ea1i H\u1ea3i Ph\u00f2ng. Kh\u00f4ng ch\u1ec9 gi\u1ecfi chuy\u00ean m\u00f4n, th\u1ea7y c\u00f2n n\u1ed5i b\u1eadt v\u1edbi <strong data-start=\"816\" data-end=\"874\">phong c\u00e1ch gi\u1ea3ng d\u1ea1y nh\u00e2n v\u0103n, g\u1ea7n g\u0169i v\u00e0 \u0111\u1ea7y c\u1ea3m h\u1ee9ng<\/strong>.<\/p>\n<p data-start=\"877\" data-end=\"1126\">H\u1ecdc tr\u00f2 y\u00eau m\u1ebfn th\u1ea7y b\u1edfi l\u1ed1i d\u1eabn d\u1eaft nh\u1eb9 nh\u00e0ng nh\u01b0ng s\u00e2u s\u1eafc. \u0110\u1ed3ng nghi\u1ec7p qu\u00fd tr\u1ecdng th\u1ea7y b\u1edfi s\u1ef1 t\u1eadn t\u00e2m v\u00e0 l\u00f2ng trung th\u1ef1c trong t\u1eebng h\u00e0nh \u0111\u1ed9ng. V\u00e0 b\u1ea5t c\u1ee9 ai t\u1eebng l\u00e0m vi\u1ec7c c\u00f9ng \u0111\u1ec1u c\u1ea3m nh\u1eadn r\u00f5 <strong data-start=\"1070\" data-end=\"1126\">t\u00e2m th\u1ebf c\u1ee7a m\u1ed9t ng\u01b0\u1eddi l\u00e0m gi\u00e1o d\u1ee5c b\u1eb1ng c\u1ea3 tr\u00e1i tim.<\/strong><\/p>\n<hr data-start=\"1128\" data-end=\"1131\" \/>\n<p>&nbsp;<\/p>\n<p><img loading=\"lazy\" decoding=\"async\" class=\"wp-image-1073 aligncenter size-large\" src=\"https:\/\/sss.edu.vn\/home\/wp-content\/uploads\/2025\/06\/image-6.png\" alt=\"\" width=\"1024\" height=\"768\" srcset=\"https:\/\/sss.edu.vn\/home\/wp-content\/uploads\/2025\/06\/image-6.png 2048w, https:\/\/sss.edu.vn\/home\/wp-content\/uploads\/2025\/06\/image-6-300x225.png 300w, https:\/\/sss.edu.vn\/home\/wp-content\/uploads\/2025\/06\/image-6-1024x768.png 1024w, https:\/\/sss.edu.vn\/home\/wp-content\/uploads\/2025\/06\/image-6-768x576.png 768w, https:\/\/sss.edu.vn\/home\/wp-content\/uploads\/2025\/06\/image-6-1536x1152.png 1536w\" sizes=\"auto, (max-width: 1024px) 100vw, 1024px\" \/><\/p>\n<p>&nbsp;<\/p>\n<h2 data-start=\"1133\" data-end=\"1190\">\ud83e\udd1d Ng\u01b0\u1eddi \u0111\u1ed3ng h\u00e0nh th\u00e2n t\u00edn \u2013 &#8220;\u0110\u1ec7 anh Phillip&#8221;<\/h2>\n<p data-start=\"1192\" data-end=\"1448\">Trong c\u1ed9ng \u0111\u1ed3ng Sunshine, th\u1ea7y Ph\u00fa \u0111\u01b0\u1ee3c bi\u1ebft \u0111\u1ebfn nh\u01b0 m\u1ed9t <strong data-start=\"1249\" data-end=\"1275\">ng\u01b0\u1eddi \u0111\u1ed3ng h\u00e0nh b\u1ec1n b\u1ec9<\/strong> b\u00ean c\u1ea1nh th\u1ea7y Phillip \u2013 ng\u01b0\u1eddi s\u00e1ng l\u1eadp Sunshine School. Kh\u00f4ng ch\u1ec9 h\u1ed7 tr\u1ee3 v\u1ec1 chuy\u00ean m\u00f4n, th\u1ea7y Ph\u00fa c\u00f2n l\u00e0 ng\u01b0\u1eddi hi\u1ec3u s\u00e2u s\u1eafc <strong data-start=\"1399\" data-end=\"1448\">t\u1ea7m nh\u00ecn, tri\u1ebft l\u00fd v\u00e0 tinh th\u1ea7n c\u1ee7a Sunshine.<\/strong><\/p>\n<blockquote data-start=\"1450\" data-end=\"1601\">\n<p data-start=\"1452\" data-end=\"1601\">\u201cSunshine kh\u00f4ng ch\u1ec9 l\u00e0 n\u01a1i \u0111\u1ec3 d\u1ea1y &amp; h\u1ecdc \u2013 m\u00e0 l\u00e0 n\u01a1i \u0111\u1ec3 vui, \u0111\u1ec3 s\u00e1ng t\u1ea1o, v\u00e0 \u0111\u1ec3 l\u1edbn l\u00ean t\u1eebng ng\u00e0y.\u201d \u2013 Th\u1ea7y Ph\u00fa t\u1eebng chia s\u1ebb nh\u01b0 v\u1eady trong bu\u1ed5i h\u1ecdp \u0111\u1ed9i ng\u0169 \u0111\u1ea7u n\u0103m h\u1ecdc.<\/p>\n<\/blockquote>\n<hr data-start=\"1603\" data-end=\"1606\" \/>\n<h2 data-start=\"1608\" data-end=\"1674\"><\/h2>\n<h2 data-start=\"1608\" data-end=\"1674\">\ud83c\udf31 Ng\u01b0\u1eddi kh\u1edfi x\u01b0\u1edbng Sunshine Ki\u1ebfn Th\u1ee5y \u2013 \u0110\u01b0a gi\u1ea5c m\u01a1 th\u00e0nh h\u00ecnh<\/h2>\n<p data-start=\"1676\" data-end=\"1924\">M\u1ed9t trong nh\u1eefng c\u1ed9t m\u1ed1c \u0111\u00e1ng nh\u1edb nh\u1ea5t ch\u00ednh l\u00e0 vi\u1ec7c <strong data-start=\"1728\" data-end=\"1820\">th\u1ea7y Ph\u00fa l\u00e0 ng\u01b0\u1eddi \u0111\u1ec1 xu\u1ea5t, kh\u1edfi x\u01b0\u1edbng v\u00e0 tr\u1ef1c ti\u1ebfp tri\u1ec3n khai d\u1ef1 \u00e1n \u201cSunshine Ki\u1ebfn Th\u1ee5y\u201d<\/strong> \u2013 m\u1ed9t chi nh\u00e1nh ph\u00e1t tri\u1ec3n theo m\u00f4 h\u00ecnh gi\u00e1o d\u1ee5c khai ph\u00f3ng, truy\u1ec1n c\u1ea3m h\u1ee9ng, v\u00e0 g\u1ea7n g\u0169i v\u1edbi c\u1ed9ng \u0111\u1ed3ng.<\/p>\n<p data-start=\"1926\" data-end=\"2179\">T\u1eeb nh\u1eefng bu\u1ed5i h\u1ecdp g\u1ea7y d\u1ef1ng \u0111\u1ea7u ti\u00ean, \u0111\u1ebfn vi\u1ec7c tuy\u1ec3n ch\u1ecdn nh\u00e2n s\u1ef1, k\u1ebft n\u1ed1i ph\u1ee5 huynh, v\u00e0 tr\u1ef1c ti\u1ebfp tham gia ho\u1ea1t \u0111\u1ed9ng, <strong data-start=\"2044\" data-end=\"2179\">th\u1ea7y Ph\u00fa ch\u00ednh l\u00e0 ng\u01b0\u1eddi \u201cv\u1ebd n\u00ean m\u1ea3nh gh\u00e9p Sunshine t\u1ea1i Ki\u1ebfn Th\u1ee5y\u201d b\u1eb1ng s\u1ef1 ki\u00ean tr\u00ec, tinh th\u1ea7n tr\u00e1ch nhi\u1ec7m v\u00e0 l\u00f2ng y\u00eau ngh\u1ec1 hi\u1ebfm c\u00f3.<\/strong><\/p>\n<hr data-start=\"2181\" data-end=\"2184\" \/>\n<h2 data-start=\"2186\" data-end=\"2245\"><\/h2>\n<h2 data-start=\"2186\" data-end=\"2245\">\ud83d\udd17 Ng\u01b0\u1eddi ki\u1ebfn t\u1ea1o \u201cV\u0103n h\u00f3a doanh nghi\u1ec7p\u201d t\u1eeb gi\u00e1 tr\u1ecb th\u1eadt<\/h2>\n<p data-start=\"2247\" data-end=\"2440\">Kh\u00f4ng c\u1ea7n n\u00f3i nhi\u1ec1u, <strong data-start=\"2268\" data-end=\"2331\">t\u1eadp th\u1ec3 Sunshine v\u1eabn th\u01b0\u1eddng g\u1ecdi th\u1ea7y Ph\u00fa l\u00e0 \u201cNg\u01b0\u1eddi k\u1ebft n\u1ed1i\u201d<\/strong> \u2013 b\u1edfi b\u1ea5t c\u1ee9 n\u01a1i \u0111\u00e2u c\u00f3 s\u1ef1 hi\u1ec7n di\u1ec7n c\u1ee7a th\u1ea7y, n\u01a1i \u0111\u00f3 c\u00f3 s\u1ef1 g\u1eafn b\u00f3, s\u1ebb chia v\u00e0 tinh th\u1ea7n c\u1ed9ng \u0111\u1ed3ng b\u1ec1n v\u1eefng.<\/p>\n<ul data-start=\"2442\" data-end=\"2614\">\n<li data-start=\"2442\" data-end=\"2481\">\n<p data-start=\"2444\" data-end=\"2481\">K\u1ebft n\u1ed1i gi\u1eefa gi\u00e1o vi\u00ean v\u00e0 ph\u1ee5 huynh<\/p>\n<\/li>\n<li data-start=\"2482\" data-end=\"2524\">\n<p data-start=\"2484\" data-end=\"2524\">K\u1ebft n\u1ed1i gi\u1eefa ng\u01b0\u1eddi s\u00e1ng l\u1eadp v\u00e0 \u0111\u1ed9i ng\u0169<\/p>\n<\/li>\n<li data-start=\"2525\" data-end=\"2563\">\n<p data-start=\"2527\" data-end=\"2563\">K\u1ebft n\u1ed1i gi\u1eefa m\u1ee5c ti\u00eau v\u00e0 th\u1ef1c ti\u1ec5n<\/p>\n<\/li>\n<li data-start=\"2564\" data-end=\"2614\">\n<p data-start=\"2566\" data-end=\"2614\">V\u00e0 h\u01a1n c\u1ea3, k\u1ebft n\u1ed1i gi\u1eefa <strong data-start=\"2590\" data-end=\"2614\">gi\u00e1o d\u1ee5c v\u00e0 nh\u00e2n v\u0103n<\/strong><\/p>\n<\/li>\n<\/ul>\n<p data-start=\"2616\" data-end=\"2812\">Th\u1ea7y Ph\u00fa kh\u00f4ng ch\u1ec9 d\u1ea1y V\u0103n \u2013 th\u1ea7y s\u1ed1ng b\u1eb1ng <strong data-start=\"2660\" data-end=\"2699\">t\u00e2m h\u1ed3n c\u1ee7a m\u1ed9t nh\u00e0 gi\u00e1o ch\u00e2n ch\u00ednh<\/strong>. V\u00e0 nh\u1edd v\u1eady, <strong data-start=\"2713\" data-end=\"2812\">\u201cV\u0103n h\u00f3a doanh nghi\u1ec7p\u201d t\u1ea1i Sunshine kh\u00f4ng ch\u1ec9 \u0111\u01b0\u1ee3c x\u00e2y d\u1ef1ng \u2013 m\u00e0 \u0111\u01b0\u1ee3c s\u1ed1ng v\u00e0 lan t\u1ecfa m\u1ed7i ng\u00e0y.<\/strong><\/p>\n<h2 data-start=\"2819\" data-end=\"2833\"><\/h2>\n<h2 data-start=\"2819\" data-end=\"2833\"><\/h2>\n<h2 data-start=\"2819\" data-end=\"2833\">\ud83c\udf24\ufe0f L\u1eddi k\u1ebft<\/h2>\n<p data-start=\"2835\" data-end=\"3031\">Sunshine t\u1ef1 h\u00e0o khi c\u00f3 nh\u1eefng ng\u01b0\u1eddi nh\u01b0 th\u1ea7y \u0110inh Xu\u00e2n Ph\u00fa \u2013 <strong data-start=\"2895\" data-end=\"2929\">ng\u01b0\u1eddi \u00e2m th\u1ea7m nh\u01b0ng ki\u00ean c\u01b0\u1eddng<\/strong>, ng\u01b0\u1eddi truy\u1ec1n c\u1ea3m h\u1ee9ng m\u00e0 kh\u00f4ng c\u1ea7n l\u00ean ti\u1ebfng nhi\u1ec1u, ng\u01b0\u1eddi gieo t\u1eebng gi\u00e1 tr\u1ecb b\u1eb1ng h\u00e0nh \u0111\u1ed9ng nh\u1ecf nh\u1ea5t.<\/p>\n<blockquote data-start=\"3033\" data-end=\"3169\">\n<p data-start=\"3035\" data-end=\"3169\"><strong data-start=\"3035\" data-end=\"3125\">\u201cM\u1ed9t t\u1ed5 ch\u1ee9c ph\u00e1t tri\u1ec3n b\u1ec1n v\u1eefng kh\u00f4ng th\u1ec3 thi\u1ebfu nh\u1eefng ng\u01b0\u1eddi g\u00ecn gi\u1eef gi\u00e1 tr\u1ecb c\u1ed1t l\u00f5i.\u201d<\/strong><br data-start=\"3125\" data-end=\"3128\" \/>V\u00e0 th\u1ea7y Ph\u00fa ch\u00ednh l\u00e0 m\u1ed9t ng\u01b0\u1eddi nh\u01b0 th\u1ebf.<\/p>\n<\/blockquote>\n<p>&nbsp;<\/p>\n<hr data-start=\"2814\" data-end=\"2817\" \/>\n<p data-start=\"2819\" data-end=\"2833\"><em>SUNSHINE SCHOOL &#8211; SSS.EDU.VN<\/em><\/p>\n<p data-start=\"2819\" data-end=\"2833\">\n<p data-start=\"2819\" data-end=\"2833\"><em>*Th\u00f4ng tin li\u00ean h\u1ec7 th\u1ea7y \u0110inh Xu\u00e2n Ph\u00fa:<\/em><img loading=\"lazy\" decoding=\"async\" class=\"aligncenter size-large wp-image-1077\" src=\"https:\/\/sss.edu.vn\/home\/wp-content\/uploads\/2025\/06\/image-8-1024x343.png\" alt=\"\" width=\"1024\" height=\"343\" srcset=\"https:\/\/sss.edu.vn\/home\/wp-content\/uploads\/2025\/06\/image-8-1024x343.png 1024w, https:\/\/sss.edu.vn\/home\/wp-content\/uploads\/2025\/06\/image-8-300x100.png 300w, https:\/\/sss.edu.vn\/home\/wp-content\/uploads\/2025\/06\/image-8-768x257.png 768w, https:\/\/sss.edu.vn\/home\/wp-content\/uploads\/2025\/06\/image-8-1536x514.png 1536w, https:\/\/sss.edu.vn\/home\/wp-content\/uploads\/2025\/06\/image-8-2048x685.png 2048w\" sizes=\"auto, (max-width: 1024px) 100vw, 1024px\" \/><\/p>\n<p>&nbsp;<\/p>\n<h2 data-start=\"2819\" data-end=\"2833\"><\/h2>\n","protected":false},"excerpt":{"rendered":"<p>&nbsp; Trong m\u1ed7i h\u00e0nh tr\u00ecnh ph\u00e1t tri\u1ec3n b\u1ec1n v\u1eefng, lu\u00f4n c\u1ea7n nh\u1eefng ng\u01b0\u1eddi l\u1eb7ng th\u1ea7m c\u1ed1ng hi\u1ebfn b\u1eb1ng c\u1ea3 tr\u00e1i tim v\u00e0 ni\u1ec1m tin. V\u1edbi Sunshine School, Th\u1ea7y \u0110inh Xu\u00e2n Ph\u00fa ch\u00ednh l\u00e0 m\u1ed9t&#46;&#46;&#46;<\/p>\n","protected":false},"author":1,"featured_media":1072,"parent":0,"menu_order":0,"comment_status":"closed","ping_status":"closed","template":"","meta":{"footnotes":""},"class_list":["post-1071","page","type-page","status-publish","has-post-thumbnail","hentry"],"_links":{"self":[{"href":"https:\/\/sss.edu.vn\/home\/wp-json\/wp\/v2\/pages\/1071","targetHints":{"allow":["GET"]}}],"collection":[{"href":"https:\/\/sss.edu.vn\/home\/wp-json\/wp\/v2\/pages"}],"about":[{"href":"https:\/\/sss.edu.vn\/home\/wp-json\/wp\/v2\/types\/page"}],"author":[{"embeddable":true,"href":"https:\/\/sss.edu.vn\/home\/wp-json\/wp\/v2\/users\/1"}],"replies":[{"embeddable":true,"href":"https:\/\/sss.edu.vn\/home\/wp-json\/wp\/v2\/comments?post=1071"}],"version-history":[{"count":6,"href":"https:\/\/sss.edu.vn\/home\/wp-json\/wp\/v2\/pages\/1071\/revisions"}],"predecessor-version":[{"id":1081,"href":"https:\/\/sss.edu.vn\/home\/wp-json\/wp\/v2\/pages\/1071\/revisions\/1081"}],"wp:featuredmedia":[{"embeddable":true,"href":"https:\/\/sss.edu.vn\/home\/wp-json\/wp\/v2\/media\/1072"}],"wp:attachment":[{"href":"https:\/\/sss.edu.vn\/home\/wp-json\/wp\/v2\/media?parent=1071"}],"curies":[{"name":"wp","href":"https:\/\/api.w.org\/{rel}","templated":true}]}}