{"id":49,"date":"2022-09-28T03:33:57","date_gmt":"2022-09-27T20:33:57","guid":{"rendered":"http:\/\/sss.edu.vn\/shop\/?post_type=product&#038;p=49"},"modified":"2025-05-27T10:59:57","modified_gmt":"2025-05-27T03:59:57","slug":"sach-hay-cu-uoc-mo-phillip-nguyen","status":"publish","type":"product","link":"https:\/\/sss.edu.vn\/shop\/?product=sach-hay-cu-uoc-mo-phillip-nguyen","title":{"rendered":"S\u00e1ch: H\u00e3y C\u1ee9 \u01af\u1edbc M\u01a1 (Phillip Nguyen)"},"content":{"rendered":"<p><img loading=\"lazy\" decoding=\"async\" class=\"alignnone size-medium wp-image-50 additional-class\" src=\"http:\/\/sss.edu.vn\/shop\/wp-content\/uploads\/2022\/09\/z3755938939212_52a792fefca7d284d3f00e6a774d377b-300x300.jpg\" alt=\"\" width=\"300\" height=\"300\" srcset=\"https:\/\/sss.edu.vn\/shop\/wp-content\/uploads\/2022\/09\/z3755938939212_52a792fefca7d284d3f00e6a774d377b-300x300.jpg 300w, https:\/\/sss.edu.vn\/shop\/wp-content\/uploads\/2022\/09\/z3755938939212_52a792fefca7d284d3f00e6a774d377b-1024x1024.jpg 1024w, https:\/\/sss.edu.vn\/shop\/wp-content\/uploads\/2022\/09\/z3755938939212_52a792fefca7d284d3f00e6a774d377b-150x150.jpg 150w, https:\/\/sss.edu.vn\/shop\/wp-content\/uploads\/2022\/09\/z3755938939212_52a792fefca7d284d3f00e6a774d377b-768x768.jpg 768w, https:\/\/sss.edu.vn\/shop\/wp-content\/uploads\/2022\/09\/z3755938939212_52a792fefca7d284d3f00e6a774d377b-600x600.jpg 600w, https:\/\/sss.edu.vn\/shop\/wp-content\/uploads\/2022\/09\/z3755938939212_52a792fefca7d284d3f00e6a774d377b-100x100.jpg 100w, https:\/\/sss.edu.vn\/shop\/wp-content\/uploads\/2022\/09\/z3755938939212_52a792fefca7d284d3f00e6a774d377b.jpg 1074w\" sizes=\"auto, (max-width: 300px) 100vw, 300px\" \/><\/p>\n<p>\u201cS\u1ed1ng trong \u0111\u1eddi h\u00e3y c\u00f3 m\u1ed9t \u01b0\u1edbc m\u01a1, nu\u00f4i d\u01b0\u1ee1ng \u0111i\u1ec1u \u0111\u1eb9p \u0111\u1ebd \u0111\u00f3 v\u00e0 s\u1ed1ng c\u00f9ng v\u1edbi n\u00f3\u201d \u2013 M\u1ecdi th\u00e0nh t\u1ef1u \u0111\u1ec1u \u0111\u00e3 t\u1eebng ch\u1ec9 l\u00e0 m\u1ed9t \u00fd t\u01b0\u1edfng, m\u1ed9t \u01b0\u1edbc m\u01a1\u2026 H\u00e3y ch\u1ecdn cho m\u00ecnh m\u1ed9t c\u00e1i \u0111\u00edch \u0111\u1ee7 l\u1edbn, m\u1ed9t l\u1ebd s\u1ed1ng, m\u1ed9t \u0111am m\u00ea\u2026 \u0110\u1ec3 m\u1ed7i ng\u00e0y b\u1ea1n \u0111\u1ec1u c\u1ed1 g\u1eafng, \u0111\u1ec3 b\u1ea3n th\u00e2n m\u00ecnh tr\u1edf n\u00ean t\u1ed1t h\u01a1n v\u00e0 t\u1ed1t h\u01a1n, t\u1eebng ch\u00fat\u2026<\/p>\n<h3><strong>M\u1ee5c l\u1ee5c:<br \/>\n<\/strong><\/h3>\n<h6>M\u1ede \u0110\u1ea6U\u2026\u2026\u2026\u2026\u2026\u2026\u2026\u2026\u2026\u2026\u2026\u2026\u2026\u2026\u2026\u2026\u2026\u2026\u2026\u2026\u2026\u2026\u2026\u2026\u2026. 9<br \/>\nCH\u01af\u01a0NG I: T\u00d4I L\u00c0 AI? T\u00d4I \u0110\u1ebeN T\u1eea \u0110\u00c2U? T\u00d4I \u0110ANG \u1ede \u0110\u00c2U? T\u00d4I S\u1ebc \u0110I T\u1edaI \u0110\u00c2U?\u00a0\u00a0\u00a0\u00a0\u00a0\u00a0\u00a0\u00a0\u00a0 11<br \/>\nT\u00f4i l\u00e0 ai? S\u1ebd gi\u00fap g\u00ec \u0111\u01b0\u1ee3c cho b\u1ea1n?\u2026\u2026\u2026\u2026\u2026\u2026\u2026\u2026\u2026\u2026\u2026\u2026 11<br \/>\n\u01af\u1edbc m\u01a1 c\u1ee7a t\u00f4i b\u1eaft \u0111\u1ea7u t\u1eeb \u0111\u00e2u?\u2026\u2026\u2026\u2026\u2026\u2026\u2026\u2026\u2026\u2026\u2026\u2026\u2026\u2026 14<br \/>\nKh\u00f4ng h\u1eb3n \u0111\u00e2u!\u2026\u2026\u2026\u2026\u2026\u2026\u2026\u2026\u2026\u2026\u2026\u2026\u2026\u2026\u2026\u2026\u2026\u2026\u2026\u2026\u2026. 16<br \/>\nT\u00f4i b\u1eaft \u0111\u1ea7u c\u00f3 nh\u1eefng \u00fd ngh\u0129 l\u1edbn?\u2026\u2026\u2026\u2026\u2026\u2026\u2026\u2026\u2026\u2026\u2026\u2026\u2026 17<br \/>\n\u01af\u1edbc m\u01a1 l\u00e0\u00a0 g\u00ec?\u2026\u2026\u2026\u2026\u2026\u2026\u2026\u2026\u2026\u2026\u2026\u2026\u2026\u2026\u2026\u2026\u2026\u2026\u2026\u2026\u2026\u2026 26<br \/>\nT\u00f4i \u0111\u00e3 v\u00e0 \u0111ang s\u1ed1ng v\u1edbi \u01b0\u1edbc\u00a0 m\u01a1 c\u1ee7a m\u00ecnh th\u1ebf n\u00e0o?\u2026\u2026\u2026\u2026 30<br \/>\nCH\u01af\u01a0NG II: 11 T\u01af DUY C\u00d3 TH\u1ec2 L\u00c0M THAY \u0110\u1ed4I CU\u1ed8C \u0110\u1edcI C\u1ee6A B\u1ea0N\u00a0\u00a0\u00a0\u00a0\u00a0 35<br \/>\n\u01af\u1edbc m\u01a1 kh\u00f4ng \u0111\u00e1nh thu\u1ebf! \u0110\u1eb1ng n\u00e0o c\u0169ng m\u1ea5t c\u00f4ng ngh\u0129, sao kh\u00f4ng ngh\u0129 l\u1edbn l\u1edbn 1 ch\u00fat?\u00a0\u00a0\u00a0\u00a0 37<br \/>\nB\u1ea1n kh\u00f4ng c\u00f3 qu\u00e1 nhi\u1ec1u ng\u01b0\u1eddi th\u00e2n thi\u1ebft \u0111\u1ec3 quan t\u00e2m \u0111\u00e2u!\u2026.. 39<br \/>\nB\u1ea1n c\u00f3 th\u1ec3 h\u1ecdc b\u1ea5t c\u1ee9 th\u1ee9 g\u00ec\u2026\u2026\u2026\u2026\u2026\u2026\u2026\u2026\u2026\u2026\u2026\u2026\u2026\u2026\u2026\u2026 41<br \/>\nCh\u01a1i LOL, PUBG \/ \u0111\u00e1 bi-a \/ \u0111\u00e1nh b\u00e0i \/ y\u00eau \u0111\u01b0\u01a1ng c\u0169ng l\u00e0 h\u1ecdc m\u00e0! 43<br \/>\nVi\u1ebft \u2013 v\u1ebd \u00a0th\u00fa \u00a0v\u1ecb \u00a0l\u1eafm! \u00a0T\u1edbi 60-70 tu\u1ed5i b\u1ea1n \u00a0s\u1ebd v\u1eabn \u00a0l\u00e0m \u0111\u01b0\u1ee3c nh\u1eefng \u00a0\u0111i\u1ec1u \u00a0n\u00e0y\u2026\u00a0 45<br \/>\nB\u1ed1 m\u1eb9, anh ch\u1ecb c\u00f3 th\u1ec3 l\u00e0 \u0111\u1ed3ng minh \u2026\u2026\u2026\u2026\u2026\u2026\u2026\u2026\u2026\u2026\u2026\u2026 49<br \/>\nB\u1ea1n c\u00f3 th\u1ec3 c\u00f2n \u00edt tu\u1ed5i, nh\u01b0ng b\u1ea1n d\u01b0 s\u1ee9c d\u1ea1y cho m\u1ed9t \u0111\u1ee9a em c\u1ee7a m\u00ecnh\u2026\u00a0\u00a0 52<br \/>\n\u201cKh\u00f4ng l\u00e0m g\u00ec\u201d c\u0169ng l\u00e0 m\u1ed9t vi\u1ec7c l\u00e0m \u0111\u1ea5y!\u2026\u2026\u2026\u2026\u2026\u2026\u2026\u2026\u2026 54<br \/>\nH\u00f4m qua l\u00e0 k\u1ef7 ni\u1ec7m \u0111\u1eb9p, ng\u00e0y mai th\u00ec ch\u01b0a t\u1edbi, h\u00f4m nay ch\u00ednh l\u00e0 \u201cng\u00e0y c\u1ee7a b\u1ea1n!\u201d\u00a0\u00a0 56<br \/>\nC\u01a1 h\u1ed9i th\u00ec \u0111\u1ea7y r\u1eaby xung quanh, b\u1ea1n c\u00f3 mu\u1ed1n nh\u1eadn l\u1ea5y kh\u00f4ng? 58<br \/>\nM\u1ecdi h\u00e0nh tr\u00ecnh \u0111\u1ec1u b\u1eaft \u0111\u1ea7u t\u1eeb nh\u1eefng b\u01b0\u1edbc ch\u00e2n \u0111\u1ea7u ti\u00ean\u2026\u2026.. 61<br \/>\nCH\u01af\u01a0NG III: 11 H\u00c0NH \u0110\u1ed8NG GI\u00daP B\u1ea0N \u0110\u1ea0T \u0110\u01af\u1ee2C TH\u00c0NH C\u00d4NG S\u1edaM H\u01a0N \u00a0\u00a0\u00a0 65<br \/>\nH\u00e3y vi\u1ebft ra 50 \u0111i\u1ec1u b\u1ea1n mu\u1ed1n l\u00e0m nh\u1ea5t trong cu\u1ed9c \u0111\u1eddi v\u00e0 gi\u1eef ch\u00fang theo b\u1ea1n.\u00a0\u00a0\u00a0\u00a0\u00a0\u00a0\u00a0\u00a0\u00a0 66<br \/>\nH\u00e3y th\u1ec3 hi\u1ec7n s\u1ef1 quan t\u00e2m, t\u1eebng ch\u00fat\u2026\u2026\u2026\u2026\u2026\u2026\u2026\u2026\u2026\u2026\u2026\u2026. 69<br \/>\nH\u00e3y h\u1ecdc m\u1ed9t m\u00f4n n\u0103ng khi\u1ebfu, ngh\u1ec7 thu\u1eadt\u2026\u2026\u2026\u2026\u2026\u2026\u2026\u2026\u2026.. 72<br \/>\nH\u00e3y s\u1eed d\u1ee5ng m\u1ed9t th\u1ee9 \u201cv\u00f4 b\u1ed5\u201d m\u1ed9t c\u00e1ch c\u00f3 \u00edch\u2026\u2026\u2026\u2026\u2026\u2026\u2026.. 75<br \/>\nH\u00e3y vi\u1ebft v\u00e0 v\u1ebd b\u1ea5t c\u1ee9 th\u1ee9 g\u00ec th\u01b0\u1eddng xuy\u00ean\u2026\u2026\u2026\u2026\u2026\u2026\u2026\u2026\u2026. 77<br \/>\nH\u00e3y bi\u1ebfn b\u1ed1 m\u1eb9 v\u00e0 anh ch\u1ecb tr\u1edf th\u00e0nh \u0111\u1ed3ng minh\u2026\u2026\u2026\u2026\u2026\u2026.. 79<br \/>\nH\u00e3y thu nh\u1eadn \u2018\u0111\u1ec7 t\u1eed\u2019!\u2026\u2026\u2026\u2026\u2026\u2026\u2026\u2026\u2026\u2026\u2026\u2026\u2026\u2026\u2026\u2026\u2026\u2026\u2026 81<br \/>\nH\u00e3y d\u00e0nh th\u1eddi gian \u201ckh\u00f4ng l\u00e0m g\u00ec c\u1ea3\u201d\u2026\u2026\u2026\u2026\u2026\u2026\u2026\u2026\u2026\u2026\u2026. 84<br \/>\nH\u00e3y ngh\u0129 v\u1ec1 nh\u1eefng th\u00e0nh c\u00f4ng v\u00e0 nh\u1eefng \u0111i\u1ec1u \u0111\u00e3 l\u00e0m b\u1ea1n vui v\u00e0 t\u1eadn h\u01b0\u1edfng ng\u00e0y h\u00f4m nay.\u00a0\u00a0\u00a0 86<br \/>\nH\u00e3y n\u1eafm b\u1eaft th\u1eddi c\u01a1 v\u00e0 t\u1ea1o ra c\u01a1 h\u1ed9i!\u2026\u2026\u2026\u2026\u2026\u2026\u2026\u2026\u2026\u2026\u2026.. 88<br \/>\nH\u00e3y b\u1eaft \u0111\u1ea7u!\u2026\u2026\u2026\u2026\u2026\u2026\u2026\u2026\u2026\u2026\u2026\u2026\u2026\u2026\u2026\u2026\u2026\u2026\u2026\u2026\u2026\u2026\u2026 90<br \/>\nL\u1edcI K\u1ebeT\u2026\u2026\u2026\u2026\u2026\u2026\u2026\u2026\u2026\u2026\u2026\u2026\u2026\u2026\u2026\u2026\u2026\u2026\u2026\u2026\u2026\u2026\u2026\u2026.. 93<\/h6>\n","protected":false},"excerpt":{"rendered":"<p>T\u00e1c ph\u1ea9m \u0111\u1ea7u tay c\u1ee7a t\u00e1c gi\u1ea3 Phillip Nguyen. N\u1ed9i dung \u0111\u01a1n gi\u1ea3n, nh\u1eb9 nh\u00e0ng, v\u00e0 truy\u1ec1n c\u1ea3m h\u1ee9ng cho c\u00e1c b\u1ea1n tr\u1ebb: H\u1ecdc sinh, sinh vi\u00ean, ng\u01b0\u1eddi \u0111i l\u00e0m&#8230; (<em><strong>*Gi\u00e1 b\u00eca 83K + 16K ph\u00ed ship t\u1ea1i Vi\u1ec7t Nam nha!<\/strong><\/em>)<\/p>\n","protected":false},"featured_media":50,"comment_status":"open","ping_status":"closed","template":"","meta":{"spay_email":""},"class_list":{"0":"post-49","1":"product","2":"type-product","3":"status-publish","4":"has-post-thumbnail","6":"product_cat-sach-tai-lieu","8":"first","9":"instock","10":"shipping-taxable","11":"purchasable","12":"product-type-simple"},"_links":{"self":[{"href":"https:\/\/sss.edu.vn\/shop\/index.php?rest_route=\/wp\/v2\/product\/49","targetHints":{"allow":["GET"]}}],"collection":[{"href":"https:\/\/sss.edu.vn\/shop\/index.php?rest_route=\/wp\/v2\/product"}],"about":[{"href":"https:\/\/sss.edu.vn\/shop\/index.php?rest_route=\/wp\/v2\/types\/product"}],"replies":[{"embeddable":true,"href":"https:\/\/sss.edu.vn\/shop\/index.php?rest_route=%2Fwp%2Fv2%2Fcomments&post=49"}],"wp:featuredmedia":[{"embeddable":true,"href":"https:\/\/sss.edu.vn\/shop\/index.php?rest_route=\/wp\/v2\/media\/50"}],"wp:attachment":[{"href":"https:\/\/sss.edu.vn\/shop\/index.php?rest_route=%2Fwp%2Fv2%2Fmedia&parent=49"}],"curies":[{"name":"wp","href":"https:\/\/api.w.org\/{rel}","templated":true}]}}